r(a) = 1 + 3*a - 2*a**2 + 4*a**2 - a - 3*a**2. Let v be r(2). Let z be m(v). Calculate b(z).
-5
Let f(g) = 1 + 3*g - 4*g**3 + 1 + 3*g**3 - 2*g**2. Let r be f(-3). Let u(v) = 4 + 0*v + 2 + r*v. Determine u(-5).
-4
Let x(l) = -l**2 + 2*l + 2. Let z(i) = -i**3 + 10*i**2 + 12*i - 7. Let b be 7/(-21) - (-88)/(-6). Let p be (-6)/4*110/b. Let h be z(p). What is x(h)?
-6
Suppose -3*r + 0 + 6 = 0. Let j(t) = r*t**3 + 2*t - 1 - t**3 + 6*t**2 + 4*t. Determine j(-5).
-6
Let g(s) = 1. Let o(c) = c - 1. Let z(t) = -2*g(t) - 2*o(t). Suppose -3*u - 1 = -4*u. Give z(u).
-2
Let m be ((-12)/(-9))/(4/(-6)). Let d be 1/((m - -1) + 0). Let s(q) = q + 5 - 3*q**3 + 1 + q**2 - 5. Calculate s(d).
4
Let o(v) = v**3 + 6*v**2 - 5 + 5 - 2. Suppose -4*h - 3*p - 5 = 0, 2*p + 9 = -4*h + 3. Let m be ((-9)/h)/(3/(-4)). Calculate o(m).
-2
Let k = 42 + -44. Let a(i) be the second derivative of i**5/20 - i**3/2 - 3*i**2/2 + i. Give a(k).
-5
Let f(d) = 2*d - 3. Let k be f(3). Let y(s) = -k*s + s**3 + s + 4*s + s - 2 - 2*s**2. Give y(2).
4
Let z be ((-14)/4 - -2)/(4/8). Let n(a) = -2*a**2 - 2*a + 3. Determine n(z).
-9
Suppose 4 - 34 = -3*m. Let j be (-24)/(-10) + (-4)/m. Let i(z) be the third derivative of z**5/30 - z**3/3 - 16*z**2. Determine i(j).
6
Let r(b) = -35*b - 1 - b**2 + 19*b + 19*b - 1. Suppose 5*m - 3 - 7 = 0. Determine r(m).
0
Suppose 3*s = 4*d + 2*s - 6, 5*d = -5*s + 20. Let l(b) = -2*b**2 + b - 1. Let m(t) = -t**2 + t - 1. Let w(h) = -2*l(h) + 5*m(h). Determine w(d).
-1
Let d(l) = -2*l**2 - l - 3. Let h(c) = -3*c**2 - c - 5. Let p(r) = 7*d(r) - 3*h(r). Let m(s) = -3*s**2 - 3*s - 4. Let k(w) = 8*m(w) - 5*p(w). What is k(5)?
3
Suppose 2*p + 6 = 4*p. Let a = -2 - -2. Let f(j) = a + j - 1 - 2*j. Determine f(p).
-4
Let c(z) be the third derivative of 2*z**5/15 - z**4/24 - z**3/6 - 7*z**2. Let n = -2 + 3. Let k = n - 2. Calculate c(k).
8
Let b(f) = 10*f**2 - f. Suppose -4*o + j + 4 = 0, -3*o + 0*o + 3 = -j. Give b(o).
9
Let n(r) = -r**2 - r + 2. Let d(u) = -u**3 - 7*u**2 - 7*u - 3. Let l be d(-6). Suppose -20 = -f - 4*z, f - l*z = 3*f - 15. Give n(f).
2
Let v be -3*(32/(-6))/2. Let h(u) = u - 9. What is h(v)?
-1
Let g(l) = 5*l - 3. Let c = -7 - -12. Let q(s) = 2*s - 3 + 2*s - 3*s. Let p be q(c). Give g(p).
7
Suppose -3 = -2*d + 5*l, -5*d - 4*l = 6 - 30. Suppose -3*y + 10 = r, d*r + y = -y - 10. Let c(v) = v**3 + 5*v**2 + 1. What is c(r)?
1
Let k(v) = v - 11. Suppose -5*g = 2*u + 6, 4*g + 0*g = 4*u - 44. What is k(u)?
-4
Let o(n) = -2*n**2 + 2*n**2 - 3*n + 1 + 0*n - 2*n**2. Calculate o(-3).
-8
Let w be (-8 - -10)/(2/5). Let j(b) = 1. Let n(m) = -m - 2. Let c(g) = -6*j(g) - n(g). Give c(w).
1
Suppose -2*g - 6 = 0, -4*g - 27 = -5*h - 5. Suppose n - 3 - h = 0. Suppose 11*u - n = 6*u. Let k(x) = 9*x**3 - x**2 - x + 1. What is k(u)?
8
Let x(h) = -4*h - 1. Let g be x(-3). Suppose 2*r + 2 = -f + g, -2*f + 10 = 0. Let p(c) = 4*c - 3. What is p(r)?
5
Let i(p) be the first derivative of -p**5/60 + 7*p**4/24 - p**3 - 2*p**2 - 4. Let q(a) be the second derivative of i(a). Give q(5).
4
Let d(v) be the first derivative of v**3/3 + 2*v**2 + 6*v + 8. Give d(-4).
6
Let f(m) = -2*m + 2. Let k(u) = u**3 + 2*u**2 - 12*u - 2. Let p be k(-5). Let q = p - -14. Give f(q).
8
Let g(h) be the first derivative of 2*h**2 - 2. Let o be (-3)/(-2) - 1/2. What is g(o)?
4
Suppose -3*i + 1 = -5*b + 4, -5*b - 2 = 2*i. Let o(t) be the third derivative of t**4/24 - t**3/3 + 3*t**2. Determine o(b).
-2
Let w be (6/4)/(3/4). Let z(d) = 3*d - 2 - d + 3 - d**2 - 3*d. Let i be z(w). Let k(s) = -s**3 - 4*s**2 + 5*s - 1. Determine k(i).
-1
Let m be (7/((-14)/(-12)))/(6 - 4). Let a(z) = -2*z**3 + 4*z**2 + z - 3. What is a(m)?
-18
Let j(t) = 3*t + 3. Let q be j(-2). Let h(s) = 4*s**2 - 3*s - 4. Let x(o) = -o**2. Let y(r) = -h(r) - 5*x(r). What is y(q)?
4
Let z(c) = c**3 + 3*c**2 - 2. Let y be z(-2). Suppose y*w = -2 - 2. Let t = w - 0. Let n(b) = b**3 + b**2 - 2. What is n(t)?
-6
Let s(g) = -g + 1. Let u be s(5). Let o(y) = y**3 + 3*y**2 + 3*y + 2. Let z be o(-2). Let a(d) = 3*d**2 - 6*d + z*d**2 - 6 + d**3 + 0*d**2. Calculate a(u).
2
Suppose -8 = -m - 2. Let y(f) = 0*f + 4*f + 0*f + 3*f + m + f**2. Calculate y(-5).
-4
Let w(g) = -94*g - 90*g - 6 + 184*g - g**2. Determine w(0).
-6
Let h(d) be the second derivative of 7*d**3/6 + 16*d. Determine h(-1).
-7
Let k(f) be the first derivative of -7*f**4/4 - f**3/3 + f**2/2 + f - 17. Let x be (-1)/2 - 1/2. What is k(x)?
6
Let l(i) = 2*i - 2. Let c be l(4). Let p(q) = -q**2 + 5*q + 5. What is p(c)?
-1
Let a be -3*(0 - 5/(-15)). Let g = -1 + 1. Let j = g + a. Let x(u) = 5*u. Determine x(j).
-5
Let m(l) = -l**2 - l - 1. Let z(q) = 2*q**2 + 3*q + 4. Let j(o) = 3*o**2 + 3*o + 4. Let s(u) = 5*j(u) - 4*z(u). Let n(y) = 4*m(y) + s(y). Determine n(-1).
4
Let m(f) = -105 + 51 + 2*f + 48. Give m(5).
4
Let y(r) = 5*r - 2. Suppose 0 = -5*m - 63 + 48. Determine y(m).
-17
Let n(q) be the first derivative of q**2 + 9*q - 1. What is n(-6)?
-3
Let x(a) = a + 3. Let r be x(-3). Let g(p) = 3*p - 2. Let z(l) = l. Let t(o) = g(o) - 4*z(o). Calculate t(r).
-2
Let g(w) = w - 5. Suppose -3*j + 5*s = 2, 5*j + 7*s - 5*s - 38 = 0. Give g(j).
1
Let j be (1 - 4/2)*1. Let g(c) be the first derivative of 0*c**2 + 0*c - 7/3*c**3 - 4. Determine g(j).
-7
Let o(h) = -h**2 - 3*h + 5. Let f be o(-4). Let k(g) = -f - 4 + 0 - 2*g - 2. Determine k(-5).
3
Let t(i) = -5*i + 5. Let o(d) = 11*d - 11. Let y(q) = 3*o(q) + 7*t(q). Give y(-4).
10
Let x(m) = -3*m**3 - 7*m**2 - 18. Let p(b) = -b**3 - 3*b**2 - 9. Suppose -2*s + 3 + 5 = 3*r, -s - r + 2 = 0. Let u(v) = s*x(v) + 5*p(v). Give u(0).
-9
Let j be (1 - 0 - 3) + 32. Suppose j = 5*z + 3*q - 6*q, -3*q = -2*z + 21. Let c(l) = -l - 2 + 4 - z. Determine c(-1).
0
Let q(h) = -3*h - 5. Let j be 2/7 + 48/28. Let r be 5/(-1)*(j - 1). Give q(r).
10
Let c(i) be the first derivative of i**4/2 + i**3 - i**2/2 - 2*i + 2. Suppose -h - 4*h - 10 = 0. Calculate c(h).
-4
Let b(u) = 2*u**2 - 9*u - 6. Let r(a) = 3*a**2 - 17*a - 11. Let l(z) = 5*b(z) - 3*r(z). Let j = 4 + -3. Let t be (-23)/4 + j/(-4). What is l(t)?
3
Let z(w) = -w**2 + 2*w - 3. Suppose 5*d + 2 = 37. Suppose 0 = 3*g - d - 5. Let t be (12/(-15))/(g/(-10)). Give z(t).
-3
Let u(b) = 5*b. Let l(f) = -4*f. Let y(m) = -4*l(m) - 3*u(m). Let k = -19 + 11. Let i = 5 + k. What is y(i)?
-3
Let w(j) = -2*j**2 - 5 + j + 3*j**2 - 4. Suppose 0*d = 3*d. Suppose -5*b = -3*l - d*l + 5, 0 = 4*l + b + 1. What is w(l)?
-9
Let o(q) = -3*q - 4. Let l be o(-3). Let w(k) = 11*k + 0*k**2 + k**2 - 18*k. What is w(l)?
-10
Let z(c) = -c + 1. Let a be z(4). Let b(u) be the third derivative of -u**6/120 - u**5/15 - u**4/12 + u**3/3 - 4*u**2. Calculate b(a).
-1
Let l(x) = -3*x + 2. Suppose h + 3 = 4*h. Suppose -4*a + 13 = h. Calculate l(a).
-7
Let z(o) be the third derivative of -o**6/120 + o**5/12 + o**4/8 + o**3/2 - 3*o**2. Give z(6).
-15
Suppose p + 8 = 3*p. Let j(l) be the third derivative of -l**5/60 + l**4/8 - l**3/3 + l**2. Calculate j(p).
-6
Let g(r) = r**2 + 4*r + 3. Let d be g(-4). Let y(b) = 5*b**3 + 2 - 8*b**d - 5*b - 6*b**2 + 2*b**3. Determine y(-5).
2
Let f = -104 - -105. Let p(k) = 2*k**3 - k. Give p(f).
1
Let w(c) be the first derivative of c**5/60 - 2*c**3/3 - 1. Let r(l) be the third derivative of w(l). What is r(-1)?
-2
Let s(t) = -t**3 + 9*t**2 - t + 11. Let g be s(9). Let d(f) = 3 - f + g - 5. What is d(-2)?
2
Let g(n) = -n + 2. Let o(c) = 2*c - 5. Let f(j) = -9*g(j) - 4*o(j). Give f(6).
8
Let p = -4 - -2. Let k(u) = 4*u + 3. What is k(p)?
-5
Let a(s) = -s**3 + 6*s**2 - s + 1. Let i = 16 + -10. Let v be a(i). Let r(b) = 5*b - 3. Let p(j) = -4*j + 3. Let y(d) = 4*p(d) + 3*r(d). Calculate y(v).
8
Let a(d) be the first derivative of d**3/3 + 3*d**2/2 - 3*d - 1. Let n(k) = -3*k - 5. Let m be n(-11). Let x = m - 33. Give a(x).
7
Let t(w) = 5*w**2 - w - 1. Let r be (-1)/3 + (-22)/33. Give t(r).
5
Let k(d) = 4*d - 1. Let u(g) = 7*g - 2. Let i(c) = 7*k(c) - 3*u(c). Let v be 3 - 2/(-4)*2. Let b = v + -3. Determine i(b).
6
Suppose 1 = -2*r + 5. Let k(s) = -2 - s**2 + 4*s + 1 + r. Let l be (1/3)/(4/48). Determine k(l).
1
Let d(z) = -z**3 + z**2 + 2*z - 1. Let c(g) = g**2 + g - 1. Let k(x) = 3*c(x) + d(x). Calculate k(4).
16
Let u(i) = -2*i + 3. Suppose 2 = l - 0. Give u(l).
-1
Let k be 18/30 + 7/5. Let m(c) be the third derivative of -1/120*c**6